d 9.
9
Suppose -675 = 12*o - 1755. Calculate the highest common factor of o and 18.
18
Let j(n) = -n + 3. Let h be j(0). Let m(c) = c**h + 4*c + 6*c - 5*c + 7*c**2. Let u be m(-4). Calculate the highest common divisor of u and 42.
14
Let b be 5/30 - (-37)/(-6). Let q be b/9 + (-262)/(-6). Suppose v - q = 119. What is the greatest common divisor of v and 18?
18
Let g be 25 + 2 - (1 - -2). What is the highest common factor of g and 12?
12
Let n be -2 - (6/24 - 617/4). Calculate the highest common factor of n and 19.
19
Let z = 4 - -1. Let i be 4 - (2/3)/((-8)/(-36)). What is the greatest common divisor of i and z?
1
Suppose -2*x + 8 + 8 = 0. Suppose x = -5*d + d. Let z be -1*(0 + (-66 - d)). Calculate the highest common factor of 8 and z.
8
Let b be (-2)/(-7) + (-26)/(-7). Suppose 2*j - 240 = 5*o + 36, 16 = b*o. Let w be 4/(-14) + j/28. Calculate the greatest common factor of w and 45.
5
Let m(a) = 12*a**2 - 3. Let d be m(3). Calculate the greatest common divisor of d and 15.
15
Let p(a) = -a + 23. Let g be p(11). Calculate the greatest common factor of 18 and g.
6
Suppose -w - 2*f = -13, 0*w - 2*w + 17 = -5*f. Calculate the highest common divisor of w and 121.
11
Let x = 3 - 2. Let p be 97 - -1*(-2 + x). Let w(o) = o + 4. Let n be w(8). What is the highest common factor of n and p?
12
Let o = 84 + -83. What is the greatest common divisor of 13 and o?
1
Let u(y) = y**2 - 2*y - 4. Let p be u(-4). Calculate the highest common divisor of 50 and p.
10
Let k be -5*(-2)/(-10)*-1. Suppose 0 = -t + 11 - k. What is the highest common divisor of t and 30?
10
Let s = -28 + 30. Calculate the highest common factor of 16 and s.
2
Let g(n) = 2*n + 22. Let m be g(5). What is the greatest common factor of m and 80?
16
Let z be 122/6 + 3/(-9). Let v = 29 - z. What is the highest common divisor of v and 6?
3
Let l be 1 + 0 + (6 - 9). Let v = 6 - l. Suppose 0 = 3*h + 6*x - 2*x - 10, 2*h + 5*x - 9 = 0. What is the highest common divisor of v and h?
2
Let m = 130 - 30. What is the greatest common factor of m and 10?
10
Suppose -4*t + 2*t + 126 = 0. Calculate the highest common divisor of t and 9.
9
Suppose 0 = -5*k + 5, -2*v - 5*k + 101 = v. Let f be v/4*(-1 - -2). What is the highest common factor of 2 and f?
2
Let x be 0 - -9 - (-3 + 6). Let a = 12 - x. What is the highest common divisor of 3 and a?
3
Let p = -6 + 9. Let b be 10/p*(-24)/(-20). Suppose -b*a + 24 = -a. What is the highest common divisor of a and 32?
8
Let d = -3 + 6. Suppose c - d*f = 25, 4*c + 5*f = -c + 25. Calculate the greatest common factor of c and 10.
10
Suppose 2 - 4 = -z. Suppose -z*p + 38 = 4*s, 5*p = 4*s - 2*s + 11. Let o(g) = g + 4. Let l be o(3). Calculate the highest common divisor of l and s.
7
Suppose 0*h = -2*h. Suppose 4*u - 2*u = h. Let y be 8 + (u + 1)*-1. Calculate the greatest common factor of y and 7.
7
Let c be (-1)/((-3)/(-11))*-36. Suppose c = k + 2*k. Let z(u) = -2*u**3 - 2*u**2 + 3*u + 2. Let l be z(-2). Calculate the highest common divisor of l and k.
4
Let f = -3 + 7. Suppose 0*m + 48 = f*m. Suppose -2*o = -295 + 79. What is the highest common divisor of m and o?
12
Let q = 2 - -78. Calculate the highest common factor of 16 and q.
16
Let v(o) = 2*o**3 - 5*o**2 + 2*o + 1. Let d be v(3). Calculate the greatest common factor of 16 and d.
16
Let u = -17 - 8. Let s = 39 + u. Calculate the highest common factor of s and 14.
14
Suppose -4*m - 5 = -81. Let k be -3 + m + 1 + 1. What is the highest common divisor of 126 and k?
18
Suppose 4*w - 83 = -j, -2*j + 217 = 5*w + 57. Suppose j = -t + 4*t. Calculate the highest common factor of 75 and t.
25
Suppose 5*n - 1 = -f + 50, 3*f - 73 = n. Calculate the greatest common divisor of f and 208.
26
Let a = -28 - -52. Calculate the greatest common factor of a and 72.
24
Suppose 16 = -4*z, -3*r + 5*z - 8 = -40. Let w(g) = 3 - 1 + g**3 + 3*g**2 + 4*g + g**2. Let l be w(-2). What is the greatest common divisor of l and r?
2
Suppose 29 = 5*l - 36. Suppose -5*w - 4*y + 200 = 0, 3*y + 2 = -l. Let a = -13 - -24. What is the highest common factor of w and a?
11
Let v(h) = -3*h**3 - 2*h**2 - 2. Let i(b) = 6*b**3 + 4*b**2 + 4. Let c(j) = 2*i(j) + 5*v(j). Let t be c(-2). What is the highest common factor of t and 14?
14
Let z = 50 + -30. Let a be (3 - 9)/((-6)/z). Let w = a + -4. Calculate the highest common divisor of w and 4.
4
Let a be 40*2*(0 + 1). Let h = 5 + 5. What is the highest common divisor of a and h?
10
Suppose 0 = -7*d + 4*d, 45 = 5*y + 3*d. What is the highest common divisor of 1 and y?
1
Suppose -5*t + 4*d = -2, -3*t + 3*d = t - 1. Let i = t - -9. What is the greatest common factor of i and 28?
7
Suppose 25 = 4*w + 5. Suppose w*x = -2*g + 27, 2*x + 3*x - 30 = -5*g. Let u be (88 + 0)*g/2. What is the highest common divisor of u and 4?
4
Suppose 326 = 3*a + 104. Suppose 4*k = 246 + a. What is the highest common divisor of k and 32?
16
Let h = -11 - -14. What is the highest common divisor of 33 and h?
3
Suppose -2*v - 4 = 3*p, -4*p - 7 = 9. Let q = -2 + 3. Let z be 0/(q - 0) + 44. Calculate the greatest common factor of z and v.
4
Suppose -28 = -0*u - u. What is the greatest common factor of 42 and u?
14
Suppose 8*n - 3*n + 2*s = 218, 2*s + 90 = 2*n. Calculate the greatest common factor of n and 396.
44
Suppose 141 = 7*i - 384. Calculate the highest common factor of i and 25.
25
Let a = -7 - -9. Suppose 16 = 4*p - 2*q, -5*q + a*q - 2 = 5*p. What is the greatest common factor of 5 and p?
1
Let k = 9 - 7. Suppose 2*r - 4*i - 40 = 0, -2*r = k*i - 4*i - 32. Calculate the greatest common divisor of 84 and r.
12
Let k be 4/(-8)*-1*18. What is the highest common divisor of k and 9?
9
Suppose 0*w + w = -2*z + 39, 3*z - 4*w = 75. What is the highest common factor of z and 14?
7
Let c be 0/1 + 3 + 37. What is the greatest common factor of 5 and c?
5
Let l(d) = -d**3 - d**2 + 6*d + 21. Let y be l(0). What is the highest common factor of 7 and y?
7
Let k be (27/(-3) + -1)*7/(-35). Calculate the highest common divisor of k and 4.
2
Let c = 0 - -8. Let r(a) = 4*a - 18. Let w be r(c). What is the greatest common factor of 14 and w?
14
Suppose p - 57 = 5*l, -3*l + 6*l = 5*p - 351. Suppose -m = -2*m + p. Let i be (-38)/(-2) + 8/((-8)/1). What is the greatest common factor of m and i?
18
Let s be 156/(-5)*(-140)/21. Calculate the highest common divisor of s and 26.
26
Let l(n) = 10*n**2 - 3*n - 2. Let b be l(2). Let r be (3/((-6)/16))/(-1). Calculate the highest common divisor of b and r.
8
Let x be ((-2)/(-6))/((-1)/(-39)). Suppose -3*t = -4*t + 65. Calculate the greatest common divisor of t and x.
13
Let t be (-14)/(-4) - 3/2. Suppose t*n + 2*n - 52 = 0. What is the greatest common factor of 117 and n?
13
Suppose 4*l - 33 = -5*z, 2*l - 3*z - 17 = 16. Calculate the highest common factor of l and 120.
12
Suppose -3*s - 4*n + 203 - 67 = 0, 4 = 4*n. What is the highest common divisor of 4 and s?
4
Let a(m) = 2*m**2 + 20*m - 1. Let v(y) = -y**2 - 10*y. Let s(p) = 2*a(p) + 5*v(p). Let j be s(-8). What is the greatest common factor of j and 154?
14
Let t(l) be the second derivative of l**4/12 - 2*l**3/3 - 2*l. Let n be ((-2 + 1)*10)/(-2). Let q be t(n). What is the greatest common divisor of q and 1?
1
Let i(q) = -2*q. Let p be i(-2). Suppose 3*g + b = 2*g + 21, 2*g = b + 27. What is the greatest common factor of g and p?
4
Let p(f) = 53*f - 9. Let o be p(4). What is the greatest common divisor of 29 and o?
29
Let l be (1 - 0)*(3 - -6). Let a = 5 - l. Let r be 6/(-3)*2/a. What is the greatest common divisor of r and 4?
1
Let k = -11 + 21. What is the greatest common divisor of 10 and k?
10
Suppose 7*m + 3*m = 60. Calculate the highest common divisor of m and 66.
6
Let t be (-22)/(-6 - 0 - -4). Calculate the greatest common divisor of 11 and t.
11
Let m = 5 + 3. What is the highest common factor of m and 12?
4
Let c(p) = 8*p**2 - 3*p - 2. Let y be c(-1). Let s = 0 + 3. What is the highest common divisor of y and s?
3
Suppose 0*g + 2*g = 154. What is the highest common divisor of g and 7?
7
Let x(y) = 8*y**2 + 3*y. Let i be x(3). Let k = 20 - 11. Calculate the highest common factor of i and k.
9
Suppose -3*n - 6*o + 3*o + 45 = 0, -5*n = -4*o - 120. What is the greatest common factor of n and 80?
20
Let y = -97 - -178. Calculate the highest common divisor o